02*a**2 - a + 3. List the prime factors of y(1).
2, 19
Let c be ((-4)/(-8))/(3/30). Suppose a - c*a = 40. What are the prime factors of (5/a)/(2/(-188))?
47
What are the prime factors of (3 + 2178/(-30) + 0)*-5?
2, 3, 29
Suppose -m - 3*m = -1612. What are the prime factors of m?
13, 31
Let c(b) = 0*b + b + 0*b + 1 + 0. Let y(o) = 8*o + 13. Let j(s) = -18*c(s) + 2*y(s). List the prime factors of j(-9).
2, 13
Suppose 2*y - y = 6. Suppose -2*n = n - y. Suppose -n*j = -8*j + 288. List the prime factors of j.
2, 3
Let s(b) = b + 14. Let z be s(-6). Let a = -2 + z. Suppose 3*l + 36 = a*l. List the prime factors of l.
2, 3
Suppose -10*q + 2022 = -4*q. List the prime factors of q.
337
Let v = -10 + 11. Let f(g) = g**2 - g. Let w be f(v). Suppose 3*i + n - 48 = w, 0*n = 2*i - 4*n - 32. What are the prime factors of i?
2
Suppose 0*q - 5 = q. Let r = q + 47. What are the prime factors of r?
2, 3, 7
Let b(w) = w**2 - w. Let x be b(3). List the prime factors of (-150)/(x/9*-3).
3, 5
Let w be 496 - -2 - 1*1*-2. Suppose 0*o = -5*o + w. List the prime factors of o.
2, 5
Suppose 12 = -2*f + 5*f + s, -17 = -f + 4*s. Suppose -n + 9 = f. Suppose -a = -0*a - n. What are the prime factors of a?
2
Let h(u) = -3*u**3 + 4*u**2 + 3*u. Let p be (4 + -6)*(-2)/(-2). Let b be (0 - -3) + -3 + p. What are the prime factors of h(b)?
2, 17
Suppose -3258 + 180 = -3*x - 2*f, 5*x + 2*f = 5134. What are the prime factors of x?
2, 257
Let z = 238 + -139. What are the prime factors of z?
3, 11
Suppose 0 = -4*t + 3*j + 669, 3*t + 7*j = 5*j + 506. List the prime factors of t.
2, 3, 7
Let m(c) = -c**3 - 4. Suppose -12 = 7*t - 4*t. List the prime factors of m(t).
2, 3, 5
Suppose 0*c - 288 = -3*y + 2*c, 2*y - 184 = 4*c. Suppose 3*m - y = 130. List the prime factors of m.
2, 19
What are the prime factors of (-49 - -58) + 2180 + 0?
11, 199
Let d(a) = 17 + 7 + 104*a + 13 - 106*a. Suppose 0 = 5*w - 5*z + 25, 2*z = -3*w - z + 15. List the prime factors of d(w).
37
Let b = 16 - -1025. What are the prime factors of b?
3, 347
Let o(m) = 39*m**2 - m + 1. Suppose 3*z - 9*z + 24 = 0. Suppose -3*g - 2*a = -13, -5*g + z*a + 30 = 9*a. What are the prime factors of o(g)?
3, 13
Let l be 3 + (15 - 2 - 2). Let d be (2/5)/((-6)/(-60)). Suppose -g = d - l. What are the prime factors of g?
2, 5
Let t be (-3)/(-2)*(-1204)/(-42). Suppose -3*s + t = -5*y, 4*y - 8 = -5*s + 2. What are the prime factors of s?
2, 3
Let h(j) = 10*j**2 + 2. Suppose -22 - 2 = q + 5*w, -20 = 5*q + 5*w. List the prime factors of h(q).
2, 3
Suppose -13*r - 19044 = -22*r. What are the prime factors of r?
2, 23
Let m = -455 + 801. What are the prime factors of m?
2, 173
Let l be (-40)/1*(-4)/30*3. Let r(i) = 4*i + 6. List the prime factors of r(l).
2, 5, 7
Suppose -2*b = n, -4*n = 7*b - 2*b - 6. Let h(s) = 22*s + 45. List the prime factors of h(n).
7, 19
Suppose 9*x + 2*w = 10*x - 1433, 0 = -2*x - 2*w + 2896. What are the prime factors of x?
3, 13, 37
Let g = 3 - 3. Suppose 3*t + 3*c = -g*c + 9, 4*c + 18 = 2*t. Suppose 3*f - 46 = -v, t*v + 2*f - 162 = 4*f. What are the prime factors of v?
2, 17
Let a(f) = 21*f - 5. Let w(c) = -42*c + 9. Let r(z) = -9*a(z) - 4*w(z). List the prime factors of r(-3).
2, 3
Let a = -111 + -454. Let t = a - -802. What are the prime factors of t?
3, 79
Let n be 3 - (99/(-3) + 3). Let k = 11 - n. Let w = k - -43. What are the prime factors of w?
3, 7
Suppose -2*l + 7*l = 10. Suppose 3*y = -l*y + 420. What are the prime factors of y?
2, 3, 7
Let l be 4/(8/92*2/4). Suppose -t - 5*b = -0*t - l, 4*b = 0. List the prime factors of t.
2, 23
List the prime factors of (-1)/((-25)/2180)*(-300)/(-12).
2, 5, 109
Suppose w - 1591 = -5*j, -4*j + 2*j - 5*w + 641 = 0. Suppose 0*n = -3*n + j. List the prime factors of n.
2, 53
List the prime factors of 86 - 49/((-14)/2).
3, 31
What are the prime factors of 2770/(-15)*1/(-4)*6?
277
List the prime factors of (395 + -3)/((-4)/(-2)).
2, 7
Suppose v - c - 44 - 103 = 0, -3*c + 294 = 2*v. Suppose -3*r - 2*u + 149 = 0, -4*r = -2*u - 61 - v. List the prime factors of r.
3, 17
Suppose -60 = 8*l - 3*l. Let w = l - -18. Suppose 5*o + 19 = w*o. What are the prime factors of o?
19
Let b(u) = 25*u**3 + 7*u**2 - 11*u - 10. What are the prime factors of b(4)?
2, 829
Suppose 2*m = -2*m. Suppose 4*q + 3*r + 1 = 0, m*q - 5*r + 21 = q. What are the prime factors of (-2 - q/(-4)) + 6?
3
Let y(w) = -w**3 + 2*w**2 + 4*w - 1. Let u be y(3). Let c(m) = 2*m + 1 + 0*m - 5*m + 8*m**2. List the prime factors of c(u).
3
Suppose 0*u + u - 5*h - 60 = 0, -129 = -3*u - 2*h. Let v = u + 0. List the prime factors of v.
3, 5
Let w = 46 - 17. Let d = w - -45. What are the prime factors of d?
2, 37
Let v(r) = r**2 + 11*r - 56. Let y be v(-15). Suppose -2*b + 4*b + 59 = i, 272 = 4*i + y*b. What are the prime factors of i?
5, 13
What are the prime factors of (-69)/(-138)*((5801 - 0) + 1)?
3, 967
Suppose -3*s = -5*y + 110, 0 = 5*y + 8*s - 7*s - 110. What are the prime factors of y?
2, 11
What are the prime factors of 239235/369*(-24)/(-10)?
2, 389
Suppose -h + 2*k + 35 + 170 = 0, 0 = -4*h + 2*k + 790. List the prime factors of (h/6)/((-1)/(-2)).
5, 13
List the prime factors of 3/(30/172) + (-66)/330.
17
Suppose -44*q + 41*q + 7074 = -3*w, -3*w - 9427 = -4*q. List the prime factors of q.
13, 181
Let j(w) = w**3 + 15*w**2 - 24*w + 21. Let b be j(9). Suppose -15*x + b = -4*x. What are the prime factors of x?
3, 53
Suppose 3*g - 51 = 2*g. Let w = 12 - g. Let b = w - -85. List the prime factors of b.
2, 23
Let y be (57/76)/(1/232). Suppose -2*s - 3*v = -y, 2*s - 17 = 3*v + 169. What are the prime factors of s?
2, 3, 5
Let w = -573 + 805. What are the prime factors of w?
2, 29
Suppose -3*d + 2*d - 197 = -3*u, 4*u + 4*d - 284 = 0. Suppose k + 0*t + t = u, 0 = k - 3*t - 71. List the prime factors of k.
2, 17
Let d(w) = 5*w**2 - 12. List the prime factors of d(4).
2, 17
Let y(h) = -h**3 + 7*h**2 + 6*h - 10. Let i be y(7). Let l be 4/(-42) + (-946)/(-231). Suppose -i = l*o - 6*o. What are the prime factors of o?
2
Let m(q) = -3*q. Let h be m(-3). Suppose 3*o = -4*o - o. List the prime factors of o/h + 6 + 1.
7
Suppose -345*c + 354*c = 6687. What are the prime factors of c?
743
Let c(v) = -501*v**3 - 4*v**2 - 3*v. List the prime factors of c(-1).
2, 5
Suppose 0*d - 882 = -6*d. Suppose -8*c = -149 - d. What are the prime factors of c?
37
Let k(p) be the third derivative of 0 + 1/6*p**3 - 1/24*p**4 + 0*p + 7/60*p**6 - 1/60*p**5 + 2*p**2. List the prime factors of k(1).
13
Suppose v = -22 - 24. Let a = -32 - v. Suppose a = k - 11. List the prime factors of k.
5
Suppose -3*h - 15 = -0*n - 3*n, 3*h = 2*n - 19. Let x(g) = -4*g + 1. List the prime factors of x(h).
37
Let m(r) = -11*r + 1. Let a(f) = 6*f. Let z(h) = -7*a(h) - 4*m(h). Let c be z(5). What are the prime factors of (-2)/4 - (-45)/c?
7
Suppose -2403 = -2*f + 157. What are the prime factors of f?
2, 5
Suppose 2*a - 2242 = -g - 220, 0 = g - a - 2031. List the prime factors of g.
2, 3, 13
Suppose -i + 2989 = 5*j, -j + i = -0*i - 593. Suppose -4*z + j = 181. List the prime factors of z.
2, 13
Suppose s - 2*h = -4*s + 27, -4*s - 4*h + 16 = 0. Suppose -o = -s*o + 112. List the prime factors of o.
2, 7
Suppose 912 = -10*j + 14*j. Suppose -3*x + 5*x - j = 0. What are the prime factors of x?
2, 3, 19
Let g be (-14624)/120 - 2/15. Let y = 207 + g. What are the prime factors of y?
5, 17
Let g = -1069 + 1860. List the prime factors of g.
7, 113
Let d = 17 + -14. Suppose d*k - 57 - 33 = 0. List the prime factors of k.
2, 3, 5
Let u(d) = 168*d + 91. Let g(p) = 13*p + 7. Let b(v) = -77*g(v) + 6*u(v). List the prime factors of b(4).
5, 7
Suppose 3 - 5 = -o. Suppose j + 5*c = o*j - 8, 2*c = 4*j + 22. What are the prime factors of 2/1 - (j - -6)?
3
Let d = -47 - -43. Let m(n) = n**3 + 5*n**2 + n - 5. What are the prime factors of m(d)?
7
What are the prime factors of 6/(-3 + 21) + 8098/6?
2, 3, 5
Let b = 3224 + -2138. List the prime factors of b.
2, 3, 181
Let n be (-12)/24*(0 - 0). Let q be (-4)/2*-4 + -1. Suppose n = -w + q - 1. What are the prime factors of w?
2, 3
Let t = -152 - -301. What are the prime factors of t + ((-26)/6 - -4)*-3?
2, 3, 5
Let f = -944 - -1733. What are the prime factors of f?
3, 263
Let g = 91 + 171. What are the prime factors of g?
2, 131
Let g = 760 - 172. What 